{"id":298,"date":"2019-03-20T14:41:46","date_gmt":"2019-03-20T13:41:46","guid":{"rendered":"https:\/\/edicionesvia.com\/?post_type=product&#038;p=298"},"modified":"2020-09-21T12:23:16","modified_gmt":"2020-09-21T11:23:16","slug":"exito-y-liderazgo","status":"publish","type":"product","link":"https:\/\/edicionesvia.com\/index.php\/product\/exito-y-liderazgo\/","title":{"rendered":"\u00c9XITO Y LIDERAZGO"},"content":{"rendered":"\t\t<div data-elementor-type=\"product-post\" data-elementor-id=\"298\" class=\"elementor elementor-298\" data-elementor-settings=\"[]\">\n\t\t\t\t\t\t<div class=\"elementor-inner\">\n\t\t\t\t\t\t\t<div class=\"elementor-section-wrap\">\n\t\t\t\t\t\t\t<section class=\"elementor-section elementor-top-section elementor-element elementor-element-eb7ef32 elementor-section-boxed elementor-section-height-default elementor-section-height-default\" data-id=\"eb7ef32\" data-element_type=\"section\">\n\t\t\t\t\t\t<div class=\"elementor-container elementor-column-gap-default\">\n\t\t\t\t\t\t\t<div class=\"elementor-row\">\n\t\t\t\t\t<div class=\"elementor-column elementor-col-50 elementor-top-column elementor-element elementor-element-7ceb343\" data-id=\"7ceb343\" data-element_type=\"column\">\n\t\t\t<div class=\"elementor-column-wrap elementor-element-populated\">\n\t\t\t\t\t\t\t<div class=\"elementor-widget-wrap\">\n\t\t\t\t\t\t<div class=\"elementor-element elementor-element-4844d56 elementor-widget-divider--view-line elementor-widget elementor-widget-divider\" data-id=\"4844d56\" data-element_type=\"widget\" data-widget_type=\"divider.default\">\n\t\t\t\t<div class=\"elementor-widget-container\">\n\t\t\t\t\t<div class=\"elementor-divider\">\n\t\t\t<span class=\"elementor-divider-separator\">\n\t\t\t\t\t\t<\/span>\n\t\t<\/div>\n\t\t\t\t<\/div>\n\t\t\t\t<\/div>\n\t\t\t\t<div class=\"elementor-element elementor-element-adb640a elementor-widget elementor-widget-image\" data-id=\"adb640a\" data-element_type=\"widget\" data-widget_type=\"image.default\">\n\t\t\t\t<div class=\"elementor-widget-container\">\n\t\t\t\t\t\t\t\t<div class=\"elementor-image\">\n\t\t\t\t\t\t\t\t\t\t\t\t<img src=\"https:\/\/edicionesvia.com\/wp-content\/uploads\/elementor\/thumbs\/exito_liderazgo_AAFF-oe6p0wx2psoivvem503m5q62ba46aewpgqzme04tcw.jpg\" title=\"portada_liderazgo.indd\" alt=\"portada_liderazgo.indd\" \/>\t\t\t\t\t\t\t\t\t\t\t\t\t\t<\/div>\n\t\t\t\t\t\t<\/div>\n\t\t\t\t<\/div>\n\t\t\t\t<div class=\"elementor-element elementor-element-bd4b16d elementor-widget elementor-widget-heading\" data-id=\"bd4b16d\" data-element_type=\"widget\" data-widget_type=\"heading.default\">\n\t\t\t\t<div class=\"elementor-widget-container\">\n\t\t\t<h3 class=\"elementor-heading-title elementor-size-default\">268 p\u00e1ginas - 23,50 \u20ac<\/h3>\t\t<\/div>\n\t\t\t\t<\/div>\n\t\t\t\t<div class=\"elementor-element elementor-element-579b8ba elementor-align-center elementor-widget elementor-widget-wc-add-to-cart\" data-id=\"579b8ba\" data-element_type=\"widget\" data-widget_type=\"wc-add-to-cart.default\">\n\t\t\t\t<div class=\"elementor-widget-container\">\n\t\t\t\t\t<div class=\"elementor-button-wrapper\">\n\t\t\t<a rel=\"nofollow\" href=\"?add-to-cart=298\" data-quantity=\"1\" data-product_id=\"298\" class=\"product_type_simple add_to_cart_button ajax_add_to_cart elementor-button elementor-size-sm\" role=\"button\">\n\t\t\t\t\t\t<span class=\"elementor-button-content-wrapper\">\n\t\t\t\t\t\t<span class=\"elementor-button-icon elementor-align-icon-left\">\n\t\t\t\t<i aria-hidden=\"true\" class=\"fas fa-shopping-cart\"><\/i>\t\t\t<\/span>\n\t\t\t\t\t\t<span class=\"elementor-button-text\">A\u00f1adir al carro<\/span>\n\t\t<\/span>\n\t\t\t\t\t<\/a>\n\t\t<\/div>\n\t\t\t\t<\/div>\n\t\t\t\t<\/div>\n\t\t\t\t<div class=\"elementor-element elementor-element-bccfc72 elementor-menu-cart--items-indicator-plain toggle-icon--cart-medium elementor-menu-cart--show-subtotal-yes elementor-menu-cart--cart-type-side-cart elementor-menu-cart--show-remove-button-yes elementor-widget elementor-widget-woocommerce-menu-cart\" data-id=\"bccfc72\" data-element_type=\"widget\" data-settings=\"{&quot;cart_type&quot;:&quot;side-cart&quot;,&quot;open_cart&quot;:&quot;click&quot;,&quot;automatically_open_cart&quot;:&quot;no&quot;}\" data-widget_type=\"woocommerce-menu-cart.default\">\n\t\t\t\t<div class=\"elementor-widget-container\">\n\t\t\t\t\t<div class=\"elementor-menu-cart__wrapper\">\n\t\t\t\t\t\t\t<div class=\"elementor-menu-cart__toggle_wrapper\">\n\t\t\t\t\t<div class=\"elementor-menu-cart__container elementor-lightbox\" aria-hidden=\"true\">\n\t\t\t\t\t\t<div class=\"elementor-menu-cart__main\" aria-hidden=\"true\">\n\t\t\t\t\t\t\t<div class=\"elementor-menu-cart__close-button\"><\/div>\n\t\t\t\t\t\t\t<div class=\"widget_shopping_cart_content\">\n\t\t\t\t\t\t\t\t\t<div class=\"woocommerce-mini-cart__empty-message\">No hay productos en el carrito.<\/div>\n\t\t\t\t\t\t\t<\/div>\n\t\t\t\t\t\t<\/div>\n\t\t\t\t\t<\/div>\n\t\t\t\t\t\t\t<div class=\"elementor-menu-cart__toggle elementor-button-wrapper\">\n\t\t\t<a id=\"elementor-menu-cart__toggle_button\" href=\"#\" class=\"elementor-menu-cart__toggle_button elementor-button elementor-size-sm\" aria-expanded=\"false\">\n\t\t\t\t<span class=\"elementor-button-text\"><span class=\"woocommerce-Price-amount amount\"><span class=\"woocommerce-Price-currencySymbol\">&euro;<\/span>0.00<\/span><\/span>\n\t\t\t\t<span class=\"elementor-button-icon\" data-counter=\"0\">\n\t\t\t\t\t<i class=\"eicon\"><\/i>\n\t\t\t\t\t<span class=\"elementor-screen-only\">Carrito<\/span>\n\t\t\t\t<\/span>\n\t\t\t<\/a>\n\t\t<\/div>\n\t\t\t\t\t\t<\/div>\n\t\t\t\t\t<\/div> <!-- close elementor-menu-cart__wrapper -->\n\t\t\t\t<\/div>\n\t\t\t\t<\/div>\n\t\t\t\t\t\t<\/div>\n\t\t\t\t\t<\/div>\n\t\t<\/div>\n\t\t\t\t<div class=\"elementor-column elementor-col-50 elementor-top-column elementor-element elementor-element-0161917\" data-id=\"0161917\" data-element_type=\"column\">\n\t\t\t<div class=\"elementor-column-wrap elementor-element-populated\">\n\t\t\t\t\t\t\t<div class=\"elementor-widget-wrap\">\n\t\t\t\t\t\t<div class=\"elementor-element elementor-element-1bc79cd elementor-widget-divider--view-line elementor-widget elementor-widget-divider\" data-id=\"1bc79cd\" data-element_type=\"widget\" data-widget_type=\"divider.default\">\n\t\t\t\t<div class=\"elementor-widget-container\">\n\t\t\t\t\t<div class=\"elementor-divider\">\n\t\t\t<span class=\"elementor-divider-separator\">\n\t\t\t\t\t\t<\/span>\n\t\t<\/div>\n\t\t\t\t<\/div>\n\t\t\t\t<\/div>\n\t\t\t\t<div class=\"elementor-element elementor-element-489725d elementor-widget elementor-widget-text-editor\" data-id=\"489725d\" data-element_type=\"widget\" data-widget_type=\"text-editor.default\">\n\t\t\t\t<div class=\"elementor-widget-container\">\n\t\t\t\t\t\t\t\t<div class=\"elementor-text-editor elementor-clearfix\">\n\t\t\t\t<p><strong>\u00a0<span style=\"color: #333333;\"> \u00a0\u00c9XITO Y LIDERAZGO<\/span><\/strong><\/p><p><span style=\"color: #333333;\"><strong><em>\u00a0 \u00a0 \u00a0Autor: Salvador A. Carri\u00f3n<\/em><\/strong><\/span><\/p><p><span style=\"color: #333333;\">\u00a0 \u00a0 \u00a0 \u00a0\u201cLo que ha hecho un hombre puede ser hecho por cualquier otro\u201d. Este principio neuroling\u00fc\u00edstico, con sus salvedades, afirma que el liderazgo, como cualquier otra capacidad humana, es un proceso que se aprende, s\u00f3lo hay que conocer los elementos que lo conforman&#8230;<\/span><\/p><p><span style=\"color: #333333;\">\u00a0 \u00a0 \u00a0 \u00a0 En la naturaleza humana est\u00e1 ese potencial, lo cual no significa que ya sea un hecho, sino que se poseen latentes las habilidades, capacidades y cualidades necesarias para desarrollar el l\u00edder que lleva dentro.\u00a0 El ser humano no necesita m\u00e1s herramientas que las que ya posee. No requiere de diplomas y doctorados. Para ser l\u00edder s\u00f3lo necesita aprender a usar adecuadamente lo que ya tiene&#8230;<\/span><\/p><p><span style=\"color: #333333;\">\u00a0 \u00a0 \u00a0 \u00a0Extracto del \u00cdndice:\u00a0 \u00a0 \u00a01.\u2013 Autoestima como fundamento\u00a0 \u00a0 \u00a02.\u2013 Salir de la mediocridad 3.\u2013 Prop\u00f3sito y decisi\u00f3n\u00a0 \u00a0 \u00a04.\u2013 Motivaci\u00f3n\u00a0 \u00a0 \u00a05.\u2013 Eliminar los obst\u00e1culos\u00a0 \u00a0 \u00a06.\u2013 Crear el futuro\u00a0 \u00a0 \u00a07.\u2013\u00a0 El poder de las afirmaciones y\u00a0 visualizaciones\u00a0 \u00a0 \u00a08.\u2013 Un paso m\u00e1s all\u00e1<\/span><\/p><p><span style=\"color: #333333;\">\u00a0Anexos:\u00a0 \u00a0 \u00a0 \u00a0*Eliminaci\u00f3n r\u00e1pida de traumas miedos y fobias\u00a0\u00a0\u00a0\u00a0\u00a0\u00a0\u00a0 *Cambio de historia personal\u00a0\u00a0\u00a0\u00a0\u00a0\u00a0\u00a0 *Trasformando los fracasos en feedback positivos\u00a0\u00a0\u00a0\u00a0\u00a0\u00a0\u00a0 *T\u00e9cnica del chasquido Bibliograf\u00eda<\/span><\/p><p><span style=\"color: #333333;\">\u00a0 \u00a0<\/span><\/p>\t\t\t\t\t<\/div>\n\t\t\t\t\t\t<\/div>\n\t\t\t\t<\/div>\n\t\t\t\t\t\t<\/div>\n\t\t\t\t\t<\/div>\n\t\t<\/div>\n\t\t\t\t\t\t\t\t<\/div>\n\t\t\t\t\t<\/div>\n\t\t<\/section>\n\t\t\t\t\t\t<\/div>\n\t\t\t\t\t\t<\/div>\n\t\t\t\t\t<\/div>\n\t\t","protected":false},"excerpt":{"rendered":"<p>268 p\u00e1ginas &#8211; 23,50 \u20ac A\u00f1adir al carro \u00a0 \u00a0\u00c9XITO Y LIDERAZGO \u00a0 \u00a0 \u00a0Autor: Salvador A. Carri\u00f3n \u201cLo que ha hecho un hombre puede ser hecho por cualquier otro\u201d. Este principio neuroling\u00fc\u00edstico, con sus salvedades, afirma que el liderazgo, como cualquier otra capacidad humana, es un proceso que se aprende, s\u00f3lo hay que conocer &#8230; <a title=\"\u00c9XITO Y LIDERAZGO\" class=\"read-more\" href=\"https:\/\/edicionesvia.com\/index.php\/product\/exito-y-liderazgo\/\">Read more<\/a><\/p>\n","protected":false},"featured_media":0,"template":"elementor_header_footer","meta":{"_mi_skip_tracking":false,"_monsterinsights_sitenote_active":false,"_monsterinsights_sitenote_note":"","_monsterinsights_sitenote_category":0},"_links":{"self":[{"href":"https:\/\/edicionesvia.com\/index.php\/wp-json\/wp\/v2\/product\/298"}],"collection":[{"href":"https:\/\/edicionesvia.com\/index.php\/wp-json\/wp\/v2\/product"}],"about":[{"href":"https:\/\/edicionesvia.com\/index.php\/wp-json\/wp\/v2\/types\/product"}],"version-history":[{"count":7,"href":"https:\/\/edicionesvia.com\/index.php\/wp-json\/wp\/v2\/product\/298\/revisions"}],"predecessor-version":[{"id":985,"href":"https:\/\/edicionesvia.com\/index.php\/wp-json\/wp\/v2\/product\/298\/revisions\/985"}],"wp:attachment":[{"href":"https:\/\/edicionesvia.com\/index.php\/wp-json\/wp\/v2\/media?parent=298"}],"curies":[{"name":"wp","href":"https:\/\/api.w.org\/{rel}","templated":true}]}}