{"id":266,"date":"2019-03-14T14:49:43","date_gmt":"2019-03-14T13:49:43","guid":{"rendered":"https:\/\/edicionesvia.com\/?post_type=product&#038;p=266"},"modified":"2020-09-21T12:28:59","modified_gmt":"2020-09-21T11:28:59","slug":"ensenando-a-ensenar-con-pnl","status":"publish","type":"product","link":"https:\/\/edicionesvia.com\/index.php\/product\/ensenando-a-ensenar-con-pnl\/","title":{"rendered":"ENSE\u00d1ANDO A ENSE\u00d1AR CON PNL"},"content":{"rendered":"\t\t<div data-elementor-type=\"product-post\" data-elementor-id=\"266\" class=\"elementor elementor-266\" data-elementor-settings=\"[]\">\n\t\t\t\t\t\t<div class=\"elementor-inner\">\n\t\t\t\t\t\t\t<div class=\"elementor-section-wrap\">\n\t\t\t\t\t\t\t<section class=\"elementor-section elementor-top-section elementor-element elementor-element-710d184 elementor-section-boxed elementor-section-height-default elementor-section-height-default\" data-id=\"710d184\" data-element_type=\"section\">\n\t\t\t\t\t\t<div class=\"elementor-container elementor-column-gap-default\">\n\t\t\t\t\t\t\t<div class=\"elementor-row\">\n\t\t\t\t\t<div class=\"elementor-column elementor-col-50 elementor-top-column elementor-element elementor-element-d5b74b9\" data-id=\"d5b74b9\" data-element_type=\"column\">\n\t\t\t<div class=\"elementor-column-wrap elementor-element-populated\">\n\t\t\t\t\t\t\t<div class=\"elementor-widget-wrap\">\n\t\t\t\t\t\t<div class=\"elementor-element elementor-element-87a352f elementor-widget-divider--view-line elementor-widget elementor-widget-divider\" data-id=\"87a352f\" data-element_type=\"widget\" data-widget_type=\"divider.default\">\n\t\t\t\t<div class=\"elementor-widget-container\">\n\t\t\t\t\t<div class=\"elementor-divider\">\n\t\t\t<span class=\"elementor-divider-separator\">\n\t\t\t\t\t\t<\/span>\n\t\t<\/div>\n\t\t\t\t<\/div>\n\t\t\t\t<\/div>\n\t\t\t\t<div class=\"elementor-element elementor-element-31d2205 elementor-widget elementor-widget-image\" data-id=\"31d2205\" data-element_type=\"widget\" data-widget_type=\"image.default\">\n\t\t\t\t<div class=\"elementor-widget-container\">\n\t\t\t\t\t\t\t\t<div class=\"elementor-image\">\n\t\t\t\t\t\t\t\t\t\t\t\t<img src=\"https:\/\/edicionesvia.com\/wp-content\/uploads\/elementor\/thumbs\/escanear0020-oe6p0wx2qo98pi0sxuxzmpffiy8bmxj74prro67ns0.jpg\" title=\"escanear0020\" alt=\"escanear0020\" \/>\t\t\t\t\t\t\t\t\t\t\t\t\t\t<\/div>\n\t\t\t\t\t\t<\/div>\n\t\t\t\t<\/div>\n\t\t\t\t<div class=\"elementor-element elementor-element-cef6780 elementor-widget elementor-widget-heading\" data-id=\"cef6780\" data-element_type=\"widget\" data-widget_type=\"heading.default\">\n\t\t\t\t<div class=\"elementor-widget-container\">\n\t\t\t<h3 class=\"elementor-heading-title elementor-size-default\">248 p\u00e1ginas - 29 \u20ac<\/h3>\t\t<\/div>\n\t\t\t\t<\/div>\n\t\t\t\t<div class=\"elementor-element elementor-element-e8061d4 elementor-align-center elementor-widget elementor-widget-wc-add-to-cart\" data-id=\"e8061d4\" data-element_type=\"widget\" data-widget_type=\"wc-add-to-cart.default\">\n\t\t\t\t<div class=\"elementor-widget-container\">\n\t\t\t\t\t<div class=\"elementor-button-wrapper\">\n\t\t\t<a rel=\"nofollow\" href=\"?add-to-cart=266\" data-quantity=\"1\" data-product_id=\"266\" class=\"product_type_simple add_to_cart_button ajax_add_to_cart elementor-button elementor-size-sm\" role=\"button\">\n\t\t\t\t\t\t<span class=\"elementor-button-content-wrapper\">\n\t\t\t\t\t\t<span class=\"elementor-button-icon elementor-align-icon-left\">\n\t\t\t\t<i aria-hidden=\"true\" class=\"fas fa-shopping-cart\"><\/i>\t\t\t<\/span>\n\t\t\t\t\t\t<span class=\"elementor-button-text\">A\u00f1adir al carro<\/span>\n\t\t<\/span>\n\t\t\t\t\t<\/a>\n\t\t<\/div>\n\t\t\t\t<\/div>\n\t\t\t\t<\/div>\n\t\t\t\t<div class=\"elementor-element elementor-element-b534d6c elementor-menu-cart--items-indicator-plain toggle-icon--cart-medium elementor-menu-cart--show-subtotal-yes elementor-menu-cart--cart-type-side-cart elementor-menu-cart--show-remove-button-yes elementor-widget elementor-widget-woocommerce-menu-cart\" data-id=\"b534d6c\" data-element_type=\"widget\" data-settings=\"{&quot;cart_type&quot;:&quot;side-cart&quot;,&quot;open_cart&quot;:&quot;click&quot;,&quot;automatically_open_cart&quot;:&quot;no&quot;}\" data-widget_type=\"woocommerce-menu-cart.default\">\n\t\t\t\t<div class=\"elementor-widget-container\">\n\t\t\t\t\t<div class=\"elementor-menu-cart__wrapper\">\n\t\t\t\t\t\t\t<div class=\"elementor-menu-cart__toggle_wrapper\">\n\t\t\t\t\t<div class=\"elementor-menu-cart__container elementor-lightbox\" aria-hidden=\"true\">\n\t\t\t\t\t\t<div class=\"elementor-menu-cart__main\" aria-hidden=\"true\">\n\t\t\t\t\t\t\t<div class=\"elementor-menu-cart__close-button\"><\/div>\n\t\t\t\t\t\t\t<div class=\"widget_shopping_cart_content\">\n\t\t\t\t\t\t\t\t\t<div class=\"woocommerce-mini-cart__empty-message\">No hay productos en el carrito.<\/div>\n\t\t\t\t\t\t\t<\/div>\n\t\t\t\t\t\t<\/div>\n\t\t\t\t\t<\/div>\n\t\t\t\t\t\t\t<div class=\"elementor-menu-cart__toggle elementor-button-wrapper\">\n\t\t\t<a id=\"elementor-menu-cart__toggle_button\" href=\"#\" class=\"elementor-menu-cart__toggle_button elementor-button elementor-size-sm\" aria-expanded=\"false\">\n\t\t\t\t<span class=\"elementor-button-text\"><span class=\"woocommerce-Price-amount amount\"><span class=\"woocommerce-Price-currencySymbol\">&euro;<\/span>0.00<\/span><\/span>\n\t\t\t\t<span class=\"elementor-button-icon\" data-counter=\"0\">\n\t\t\t\t\t<i class=\"eicon\"><\/i>\n\t\t\t\t\t<span class=\"elementor-screen-only\">Carrito<\/span>\n\t\t\t\t<\/span>\n\t\t\t<\/a>\n\t\t<\/div>\n\t\t\t\t\t\t<\/div>\n\t\t\t\t\t<\/div> <!-- close elementor-menu-cart__wrapper -->\n\t\t\t\t<\/div>\n\t\t\t\t<\/div>\n\t\t\t\t\t\t<\/div>\n\t\t\t\t\t<\/div>\n\t\t<\/div>\n\t\t\t\t<div class=\"elementor-column elementor-col-50 elementor-top-column elementor-element elementor-element-862e49a\" data-id=\"862e49a\" data-element_type=\"column\">\n\t\t\t<div class=\"elementor-column-wrap elementor-element-populated\">\n\t\t\t\t\t\t\t<div class=\"elementor-widget-wrap\">\n\t\t\t\t\t\t<div class=\"elementor-element elementor-element-075004b elementor-widget-divider--view-line elementor-widget elementor-widget-divider\" data-id=\"075004b\" data-element_type=\"widget\" data-widget_type=\"divider.default\">\n\t\t\t\t<div class=\"elementor-widget-container\">\n\t\t\t\t\t<div class=\"elementor-divider\">\n\t\t\t<span class=\"elementor-divider-separator\">\n\t\t\t\t\t\t<\/span>\n\t\t<\/div>\n\t\t\t\t<\/div>\n\t\t\t\t<\/div>\n\t\t\t\t<div class=\"elementor-element elementor-element-dcbfea1 elementor-widget elementor-widget-text-editor\" data-id=\"dcbfea1\" data-element_type=\"widget\" data-widget_type=\"text-editor.default\">\n\t\t\t\t<div class=\"elementor-widget-container\">\n\t\t\t\t\t\t\t\t<div class=\"elementor-text-editor elementor-clearfix\">\n\t\t\t\t<p><strong>\u00a0<span style=\"color: #333333;\"> ENSE\u00d1ANDO A ENSE\u00d1AR CON PNL<\/span><\/strong><\/p><p><span style=\"color: #333333;\"><strong><em>\u00a0 \u00a0 \u00a0Autor: Salvador A. Carri\u00f3n &amp; Mar\u00eda Mart\u00ednez Alc\u00e1zar<\/em><\/strong><\/span><\/p><p><span style=\"color: #333333;\">\u00a0 \u00a0 \u00a0 \u00a0Este libro te aporta una amplia variedad de herramientas de comunicaci\u00f3n que permitir\u00e1n tanto al profesional de la formaci\u00f3n como al aprendiz, disponer de t\u00e9cnicas de alta precisi\u00f3n que garanticen su excelencia y el \u00e9xito en todas las situaciones en las que deba exponer cualquier materia ante una audiencia, ya sea numerosa o reducida.<\/span><\/p><p><span style=\"color: #333333;\">\u00a0 \u00a0 \u00a0 \u00a0Extracto del \u00cdndice:<\/span><\/p><p><span style=\"color: #333333;\">1.\u2013 Din\u00e1mica de la mente\u00a0 \u00a0 \u00a02.\u2013 Procesos y estrategias del pensar\u00a0 \u00a0 3.\u2013 Estructura de la comunicaci\u00f3n\u00a0 \u00a0 4.\u2013 Las bases del aprendizaje\u00a0 \u00a0 5.\u2013 El modelo ense\u00f1anza-aprendizaje\u00a0 \u00a0 \u00a0 \u00a0 \u00a0<\/span><span style=\"color: #333333;\">6.\u2013 Uso inteligente de las emociones\u00a0 \u00a0 \u00a07.\u2013 Operatividad de la mente\u00a0 \u00a0 \u00a0 \u00a0 \u00a0 \u00a0 \u00a0 \u00a0 \u00a0 \u00a0 \u00a0 \u00a0 \u00a0 \u00a0 \u00a0 \u00a0 \u00a0 \u00a0 \u00a0 \u00a08.\u2013 Las presentaciones\u00a0 \u00a0 \u00a09.\u2013 Las demostraciones, los ejercicios\u00a0 \u00a0 10.\u2013 Habilidades esc\u00e9nicas\u00a0 \u00a0 \u00a0 11.\u2013 Evaluaci\u00f3n\u00a0 \u00a0 12.-\u00a0 Resumen. Gu\u00eda de estudios<\/span><\/p><p><span style=\"color: #333333;\">Bibliograf\u00eda en ingl\u00e9s y espa\u00f1ol<\/span><\/p><p>\u00a0<\/p><p><span style=\"color: #333333;\">\u00a0 \u00a0 \u00a0<\/span><\/p>\t\t\t\t\t<\/div>\n\t\t\t\t\t\t<\/div>\n\t\t\t\t<\/div>\n\t\t\t\t\t\t<\/div>\n\t\t\t\t\t<\/div>\n\t\t<\/div>\n\t\t\t\t\t\t\t\t<\/div>\n\t\t\t\t\t<\/div>\n\t\t<\/section>\n\t\t\t\t\t\t<\/div>\n\t\t\t\t\t\t<\/div>\n\t\t\t\t\t<\/div>\n\t\t","protected":false},"excerpt":{"rendered":"<p>248 p\u00e1ginas &#8211; 29 \u20ac A\u00f1adir al carro \u00a0 ENSE\u00d1ANDO A ENSE\u00d1AR CON PNL \u00a0 \u00a0 \u00a0Autor: Salvador A. Carri\u00f3n &amp; Mar\u00eda Mart\u00ednez Alc\u00e1zar Este libro te aporta una amplia variedad de herramientas de comunicaci\u00f3n que permitir\u00e1n tanto al profesional de la formaci\u00f3n como al aprendiz, disponer de t\u00e9cnicas de alta precisi\u00f3n que garanticen su &#8230; <a title=\"ENSE\u00d1ANDO A ENSE\u00d1AR CON PNL\" class=\"read-more\" href=\"https:\/\/edicionesvia.com\/index.php\/product\/ensenando-a-ensenar-con-pnl\/\">Read more<\/a><\/p>\n","protected":false},"featured_media":0,"template":"elementor_header_footer","meta":{"_mi_skip_tracking":false,"_monsterinsights_sitenote_active":false,"_monsterinsights_sitenote_note":"","_monsterinsights_sitenote_category":0},"_links":{"self":[{"href":"https:\/\/edicionesvia.com\/index.php\/wp-json\/wp\/v2\/product\/266"}],"collection":[{"href":"https:\/\/edicionesvia.com\/index.php\/wp-json\/wp\/v2\/product"}],"about":[{"href":"https:\/\/edicionesvia.com\/index.php\/wp-json\/wp\/v2\/types\/product"}],"version-history":[{"count":5,"href":"https:\/\/edicionesvia.com\/index.php\/wp-json\/wp\/v2\/product\/266\/revisions"}],"predecessor-version":[{"id":990,"href":"https:\/\/edicionesvia.com\/index.php\/wp-json\/wp\/v2\/product\/266\/revisions\/990"}],"wp:attachment":[{"href":"https:\/\/edicionesvia.com\/index.php\/wp-json\/wp\/v2\/media?parent=266"}],"curies":[{"name":"wp","href":"https:\/\/api.w.org\/{rel}","templated":true}]}}