{"id":2038,"date":"2022-09-19T13:25:15","date_gmt":"2022-09-19T12:25:15","guid":{"rendered":"https:\/\/edicionesvia.com\/?post_type=product&#038;p=2038"},"modified":"2023-08-21T13:16:18","modified_gmt":"2023-08-21T12:16:18","slug":"ciclos-cosmicos-historia-geografia","status":"publish","type":"product","link":"https:\/\/edicionesvia.com\/index.php\/product\/ciclos-cosmicos-historia-geografia\/","title":{"rendered":"LOS CICLOS C\u00d3SMICOS EN LA HISTORIA Y LA GEOGRAF\u00cdA"},"content":{"rendered":"\t\t<div data-elementor-type=\"product-post\" data-elementor-id=\"2038\" class=\"elementor elementor-2038\" data-elementor-settings=\"[]\">\n\t\t\t\t\t\t<div class=\"elementor-inner\">\n\t\t\t\t\t\t\t<div class=\"elementor-section-wrap\">\n\t\t\t\t\t\t\t<section class=\"elementor-section elementor-top-section elementor-element elementor-element-5af430b elementor-section-boxed elementor-section-height-default elementor-section-height-default\" data-id=\"5af430b\" data-element_type=\"section\">\n\t\t\t\t\t\t<div class=\"elementor-container elementor-column-gap-default\">\n\t\t\t\t\t\t\t<div class=\"elementor-row\">\n\t\t\t\t\t<div class=\"elementor-column elementor-col-33 elementor-top-column elementor-element elementor-element-db9fc78\" data-id=\"db9fc78\" data-element_type=\"column\">\n\t\t\t<div class=\"elementor-column-wrap elementor-element-populated\">\n\t\t\t\t\t\t\t<div class=\"elementor-widget-wrap\">\n\t\t\t\t\t\t<div class=\"elementor-element elementor-element-01421ad elementor-widget-divider--view-line elementor-widget elementor-widget-divider\" data-id=\"01421ad\" data-element_type=\"widget\" data-widget_type=\"divider.default\">\n\t\t\t\t<div class=\"elementor-widget-container\">\n\t\t\t\t\t<div class=\"elementor-divider\">\n\t\t\t<span class=\"elementor-divider-separator\">\n\t\t\t\t\t\t<\/span>\n\t\t<\/div>\n\t\t\t\t<\/div>\n\t\t\t\t<\/div>\n\t\t\t\t<div class=\"elementor-element elementor-element-d17800a elementor-widget elementor-widget-image\" data-id=\"d17800a\" data-element_type=\"widget\" data-widget_type=\"image.default\">\n\t\t\t\t<div class=\"elementor-widget-container\">\n\t\t\t\t\t\t\t\t<div class=\"elementor-image\">\n\t\t\t\t\t\t\t\t\t\t\t\t\t<a href=\"https:\/\/edicionesvia.com\/index.php\/product\/ciclos-cosmicos-historia-geografia\/%20\">\n\t\t\t\t\t\t\t<img src=\"https:\/\/edicionesvia.com\/wp-content\/uploads\/elementor\/thumbs\/Ciclos-Cosmicos-portada-scaled-puzr4nwq241krm3bd9448zjdwyvkutlimnzho9a3og.jpg\" title=\"Ciclos Cosmicos portada\" alt=\"Ciclos Cosmicos portada\" \/>\t\t\t\t\t\t\t\t<\/a>\n\t\t\t\t\t\t\t\t\t\t\t\t\t\t<\/div>\n\t\t\t\t\t\t<\/div>\n\t\t\t\t<\/div>\n\t\t\t\t<div class=\"elementor-element elementor-element-32681f1 elementor-widget elementor-widget-heading\" data-id=\"32681f1\" data-element_type=\"widget\" data-widget_type=\"heading.default\">\n\t\t\t\t<div class=\"elementor-widget-container\">\n\t\t\t<h3 class=\"elementor-heading-title elementor-size-default\"><a href=\"https:\/\/edicionesvia.com\/index.php\/product\/ciclos-cosmicos-historia-geografia\/%20\">320 Pag. 24,90\u20ac<\/a><\/h3>\t\t<\/div>\n\t\t\t\t<\/div>\n\t\t\t\t<div class=\"elementor-element elementor-element-85e9bb5 elementor-align-center elementor-widget elementor-widget-wc-add-to-cart\" data-id=\"85e9bb5\" data-element_type=\"widget\" data-widget_type=\"wc-add-to-cart.default\">\n\t\t\t\t<div class=\"elementor-widget-container\">\n\t\t\t\t\t<div class=\"elementor-button-wrapper\">\n\t\t\t<a rel=\"nofollow\" href=\"?add-to-cart=2038\" data-quantity=\"1\" data-product_id=\"2038\" class=\"product_type_simple add_to_cart_button ajax_add_to_cart elementor-button elementor-size-sm\" role=\"button\">\n\t\t\t\t\t\t<span class=\"elementor-button-content-wrapper\">\n\t\t\t\t\t\t<span class=\"elementor-button-icon elementor-align-icon-left\">\n\t\t\t\t<i aria-hidden=\"true\" class=\"fas fa-shopping-cart\"><\/i>\t\t\t<\/span>\n\t\t\t\t\t\t<span class=\"elementor-button-text\">A\u00f1adir al carro<\/span>\n\t\t<\/span>\n\t\t\t\t\t<\/a>\n\t\t<\/div>\n\t\t\t\t<\/div>\n\t\t\t\t<\/div>\n\t\t\t\t<div class=\"elementor-element elementor-element-25baaa5 elementor-menu-cart--items-indicator-plain toggle-icon--cart-medium elementor-menu-cart--show-subtotal-yes elementor-menu-cart--cart-type-side-cart elementor-menu-cart--show-remove-button-yes elementor-widget elementor-widget-woocommerce-menu-cart\" data-id=\"25baaa5\" data-element_type=\"widget\" data-settings=\"{&quot;cart_type&quot;:&quot;side-cart&quot;,&quot;open_cart&quot;:&quot;click&quot;,&quot;automatically_open_cart&quot;:&quot;no&quot;}\" data-widget_type=\"woocommerce-menu-cart.default\">\n\t\t\t\t<div class=\"elementor-widget-container\">\n\t\t\t\t\t<div class=\"elementor-menu-cart__wrapper\">\n\t\t\t\t\t\t\t<div class=\"elementor-menu-cart__toggle_wrapper\">\n\t\t\t\t\t<div class=\"elementor-menu-cart__container elementor-lightbox\" aria-hidden=\"true\">\n\t\t\t\t\t\t<div class=\"elementor-menu-cart__main\" aria-hidden=\"true\">\n\t\t\t\t\t\t\t<div class=\"elementor-menu-cart__close-button\"><\/div>\n\t\t\t\t\t\t\t<div class=\"widget_shopping_cart_content\">\n\t\t\t\t\t\t\t\t\t<div class=\"woocommerce-mini-cart__empty-message\">No hay productos en el carrito.<\/div>\n\t\t\t\t\t\t\t<\/div>\n\t\t\t\t\t\t<\/div>\n\t\t\t\t\t<\/div>\n\t\t\t\t\t\t\t<div class=\"elementor-menu-cart__toggle elementor-button-wrapper\">\n\t\t\t<a id=\"elementor-menu-cart__toggle_button\" href=\"#\" class=\"elementor-menu-cart__toggle_button elementor-button elementor-size-sm\" aria-expanded=\"false\">\n\t\t\t\t<span class=\"elementor-button-text\"><span class=\"woocommerce-Price-amount amount\"><span class=\"woocommerce-Price-currencySymbol\">&euro;<\/span>0.00<\/span><\/span>\n\t\t\t\t<span class=\"elementor-button-icon\" data-counter=\"0\">\n\t\t\t\t\t<i class=\"eicon\"><\/i>\n\t\t\t\t\t<span class=\"elementor-screen-only\">Carrito<\/span>\n\t\t\t\t<\/span>\n\t\t\t<\/a>\n\t\t<\/div>\n\t\t\t\t\t\t<\/div>\n\t\t\t\t\t<\/div> <!-- close elementor-menu-cart__wrapper -->\n\t\t\t\t<\/div>\n\t\t\t\t<\/div>\n\t\t\t\t\t\t<\/div>\n\t\t\t\t\t<\/div>\n\t\t<\/div>\n\t\t\t\t<div class=\"elementor-column elementor-col-66 elementor-top-column elementor-element elementor-element-dbd25f7\" data-id=\"dbd25f7\" data-element_type=\"column\">\n\t\t\t<div class=\"elementor-column-wrap elementor-element-populated\">\n\t\t\t\t\t\t\t<div class=\"elementor-widget-wrap\">\n\t\t\t\t\t\t<div class=\"elementor-element elementor-element-ff6dc4f elementor-widget-divider--view-line elementor-widget elementor-widget-divider\" data-id=\"ff6dc4f\" data-element_type=\"widget\" data-widget_type=\"divider.default\">\n\t\t\t\t<div class=\"elementor-widget-container\">\n\t\t\t\t\t<div class=\"elementor-divider\">\n\t\t\t<span class=\"elementor-divider-separator\">\n\t\t\t\t\t\t<\/span>\n\t\t<\/div>\n\t\t\t\t<\/div>\n\t\t\t\t<\/div>\n\t\t\t\t<div class=\"elementor-element elementor-element-74b6cda elementor-widget elementor-widget-text-editor\" data-id=\"74b6cda\" data-element_type=\"widget\" data-widget_type=\"text-editor.default\">\n\t\t\t\t<div class=\"elementor-widget-container\">\n\t\t\t\t\t\t\t\t<div class=\"elementor-text-editor elementor-clearfix\">\n\t\t\t\t<h1 style=\"text-align: center;\"><strong>LOS CICLOS C\u00d3SMICOS EN LA HISTORIA Y LA GEOGRAF\u00cdA<\/strong><\/h1><h2 style=\"text-align: center;\">Francisco Ariza<\/h2><h3>\u00a0<\/h3><p style=\"text-align: center;\">\u00a0 \u00a0 \u00a0 \u00a0Este libro trata de la Doctrina de los Ciclos, o Ciclolog\u00eda, una ciencia conocida desde la m\u00e1s remota antig\u00fcedad, y de la que hoy en d\u00eda apenas nada se sabe, si bien ha sido recuperada contempor\u00e1neamente gracias a la obra eminente de Ren\u00e9 Gu\u00e9non.\u00a0<\/p><p style=\"text-align: center;\">\u00a0 \u00a0 \u00a0 \u00a0 La Ciclolog\u00eda estudia fundamentalmente la naturaleza del tiempo y los periodos de su manifestaci\u00f3n, los que determinan el proceso de las civilizaciones y las culturas en \u00edntima relaci\u00f3n con la Geograf\u00eda. El tiempo, junto con el espacio, establece el orden arm\u00f3nico de la Creaci\u00f3n, del Cosmos, y se nos hace inteligible a trav\u00e9s de los ritmos y ciclos c\u00f3smicos (<em>Kalpas<\/em>,\u00a0<em>Manvantaras<\/em>\u00a0y\u00a0<em>Yugas<\/em>), que sin embargo son an\u00e1logos a periodos m\u00e1s peque\u00f1os, como el siglo, el a\u00f1o o el d\u00eda. Ciclo significa movimiento circular, y el ritmo lo que articula su cadencia mesurada y regular, aplicable no s\u00f3lo a la danza, a la m\u00fasica y al arte en general, sino tambi\u00e9n a los movimientos de los astros e igualmente a los de la Historia, con los que est\u00e1n imbricados.\u00a0De ah\u00ed la importancia de las Eras Zodiacales, inseparables de la Precesi\u00f3n de los Equinoccios, temas ambos que ocupan una parte importante de este volumen junto a un estudio detallado de las Cuatro Edades de la humanidad.<\/p><p style=\"text-align: center;\">\u00a0 \u00a0 \u00a0 \u00a0 \u00a0 \u00a0 \u00a0 \u00a0 \u00a0 \u00a0 \u00a0 \u00a0 \u00a0 \u00a0 \u00a0 <em>\u00a0 \u00a0 \u00a0 \u00a0 \u00a0 \u00a0 \u00a0 \u00a0 \u00a0 \u00a0 \u00a0 \u00a0 \u00a0 \u00a0 \u00a0 \u00a0 \u00a0 \u00a0 \u00a0 \u00a0 \u00a0 \u00a0 \u00a0 \u00a0 \u00a0 \u00a0 \u00a0 \u00a0 \u00a0 \u00a0 \u00a0 \u00a0 \u00a0 \u00a0 \u00a0 \u00a0 \u00a0 \u00a0 \u00a0 \u00a0 \u00a0 \u00a0 \u00a0 \u00a0 \u00a0 \u00a0 \u00a0 \u00a0 \u00a0 \u00a0 \u00a0 \u00a0 \u00a0 \u00a0 \u00a0 \u00a0 \u00a0 \u00a0 \u00a0 \u00a0 \u00a0 F. Ariza\u00a0<\/em> \u00a0 \u00a0 \u00a0 \u00a0 \u00a0 \u00a0 \u00a0 \u00a0 \u00a0 \u00a0 \u00a0 \u00a0 \u00a0 \u00a0 \u00a0 \u00a0 \u00a0 \u00a0 \u00a0 \u00a0 \u00a0 \u00a0 \u00a0 \u00a0 \u00a0 \u00a0 \u00a0 \u00a0 \u00a0 \u00a0 \u00a0 \u00a0 \u00a0 \u00a0 \u00a0 \u00a0 \u00a0 \u00a0 \u00a0 \u00a0 \u00a0 \u00a0<\/p>\t\t\t\t\t<\/div>\n\t\t\t\t\t\t<\/div>\n\t\t\t\t<\/div>\n\t\t\t\t\t\t<\/div>\n\t\t\t\t\t<\/div>\n\t\t<\/div>\n\t\t\t\t\t\t\t\t<\/div>\n\t\t\t\t\t<\/div>\n\t\t<\/section>\n\t\t\t\t\t\t<\/div>\n\t\t\t\t\t\t<\/div>\n\t\t\t\t\t<\/div>\n\t\t","protected":false},"excerpt":{"rendered":"<p><strong>LOS CICLOS C\u00d3SMICOS EN LA HISTORIA Y LA GEOGRAF\u00cdA<\/strong><\/p>\n<p><strong>Francisco Ariza<\/strong><\/p>\n<p>Este libro trata de la Doctrina de los Ciclos, o Ciclolog\u00eda, una ciencia conocida desde la m\u00e1s remota antig\u00fcedad, y de la que hoy en d\u00eda apenas nada se sabe, si bien ha sido recuperada contempor\u00e1neamente gracias a la obra eminente de Ren\u00e9 Gu\u00e9non. La Ciclolog\u00eda estudia fundamentalmente la naturaleza del tiempo y los periodos de su manifestaci\u00f3n, los que determinan el proceso de las civilizaciones y las culturas en \u00edntima relaci\u00f3n con la Geograf\u00eda. El tiempo, junto con el espacio, establece el orden arm\u00f3nico de la Creaci\u00f3n, del Cosmos, y se nos hace inteligible a trav\u00e9s de los ritmos y ciclos c\u00f3smicos (<em>Kalpas<\/em>,\u00a0<em>Manvantaras<\/em>\u00a0y\u00a0<em>Yugas<\/em>), que sin embargo son an\u00e1logos a periodos m\u00e1s peque\u00f1os, como el siglo, el a\u00f1o o el d\u00eda. Ciclo significa movimiento circular, y el ritmo lo que articula su cadencia mesurada y regular, aplicable no s\u00f3lo a la danza, a la m\u00fasica y al arte en general, sino tambi\u00e9n a los movimientos de los astros e igualmente a los de la Historia, con los que est\u00e1n imbricados.\u00a0De ah\u00ed la importancia de las Eras Zodiacales, inseparables de la Precesi\u00f3n de los Equinoccios, temas ambos que ocupan una parte importante de este volumen junto a un estudio detallado de las Cuatro Edades de la humanidad.<\/p>\n","protected":false},"featured_media":2039,"template":"elementor_header_footer","meta":{"_mi_skip_tracking":false,"_monsterinsights_sitenote_active":false,"_monsterinsights_sitenote_note":"","_monsterinsights_sitenote_category":0},"_links":{"self":[{"href":"https:\/\/edicionesvia.com\/index.php\/wp-json\/wp\/v2\/product\/2038"}],"collection":[{"href":"https:\/\/edicionesvia.com\/index.php\/wp-json\/wp\/v2\/product"}],"about":[{"href":"https:\/\/edicionesvia.com\/index.php\/wp-json\/wp\/v2\/types\/product"}],"version-history":[{"count":13,"href":"https:\/\/edicionesvia.com\/index.php\/wp-json\/wp\/v2\/product\/2038\/revisions"}],"predecessor-version":[{"id":2593,"href":"https:\/\/edicionesvia.com\/index.php\/wp-json\/wp\/v2\/product\/2038\/revisions\/2593"}],"wp:featuredmedia":[{"embeddable":true,"href":"https:\/\/edicionesvia.com\/index.php\/wp-json\/wp\/v2\/media\/2039"}],"wp:attachment":[{"href":"https:\/\/edicionesvia.com\/index.php\/wp-json\/wp\/v2\/media?parent=2038"}],"curies":[{"name":"wp","href":"https:\/\/api.w.org\/{rel}","templated":true}]}}