{"id":1944,"date":"2022-07-08T12:43:12","date_gmt":"2022-07-08T11:43:12","guid":{"rendered":"https:\/\/edicionesvia.com\/?post_type=product&#038;p=1944"},"modified":"2024-11-28T13:51:50","modified_gmt":"2024-11-28T12:51:50","slug":"krishnamurti-respuestas-fundamentales","status":"publish","type":"product","link":"https:\/\/edicionesvia.com\/index.php\/product\/krishnamurti-respuestas-fundamentales\/","title":{"rendered":"J.KRISHNAMURTI Respuestas Fundamentales"},"content":{"rendered":"\t\t<div data-elementor-type=\"product-post\" data-elementor-id=\"1944\" class=\"elementor elementor-1944\" data-elementor-settings=\"[]\">\n\t\t\t\t\t\t<div class=\"elementor-inner\">\n\t\t\t\t\t\t\t<div class=\"elementor-section-wrap\">\n\t\t\t\t\t\t\t<section class=\"elementor-section elementor-top-section elementor-element elementor-element-5af430b elementor-section-boxed elementor-section-height-default elementor-section-height-default\" data-id=\"5af430b\" data-element_type=\"section\">\n\t\t\t\t\t\t<div class=\"elementor-container elementor-column-gap-default\">\n\t\t\t\t\t\t\t<div class=\"elementor-row\">\n\t\t\t\t\t<div class=\"elementor-column elementor-col-33 elementor-top-column elementor-element elementor-element-db9fc78\" data-id=\"db9fc78\" data-element_type=\"column\">\n\t\t\t<div class=\"elementor-column-wrap elementor-element-populated\">\n\t\t\t\t\t\t\t<div class=\"elementor-widget-wrap\">\n\t\t\t\t\t\t<div class=\"elementor-element elementor-element-01421ad elementor-widget-divider--view-line elementor-widget elementor-widget-divider\" data-id=\"01421ad\" data-element_type=\"widget\" data-widget_type=\"divider.default\">\n\t\t\t\t<div class=\"elementor-widget-container\">\n\t\t\t\t\t<div class=\"elementor-divider\">\n\t\t\t<span class=\"elementor-divider-separator\">\n\t\t\t\t\t\t<\/span>\n\t\t<\/div>\n\t\t\t\t<\/div>\n\t\t\t\t<\/div>\n\t\t\t\t<div class=\"elementor-element elementor-element-d17800a elementor-widget elementor-widget-image\" data-id=\"d17800a\" data-element_type=\"widget\" data-widget_type=\"image.default\">\n\t\t\t\t<div class=\"elementor-widget-container\">\n\t\t\t\t\t\t\t\t<div class=\"elementor-image\">\n\t\t\t\t\t\t\t\t\t\t\t\t\t<a href=\"https:\/\/edicionesvia.com\/index.php\/product\/krishnamurti-respuestas-fundamentales\/%20\">\n\t\t\t\t\t\t\t<img src=\"https:\/\/edicionesvia.com\/wp-content\/uploads\/elementor\/thumbs\/J.-KRISHNAMURTI-scaled-prgn0iilmx74secn4x0js38u5c3u5lmemmon9d5540.jpg\" title=\"J. KRISHNAMURTI\" alt=\"J. KRISHNAMURTI\" \/>\t\t\t\t\t\t\t\t<\/a>\n\t\t\t\t\t\t\t\t\t\t\t\t\t\t<\/div>\n\t\t\t\t\t\t<\/div>\n\t\t\t\t<\/div>\n\t\t\t\t<div class=\"elementor-element elementor-element-32681f1 elementor-widget elementor-widget-heading\" data-id=\"32681f1\" data-element_type=\"widget\" data-widget_type=\"heading.default\">\n\t\t\t\t<div class=\"elementor-widget-container\">\n\t\t\t<h3 class=\"elementor-heading-title elementor-size-default\"><a href=\"https:\/\/edicionesvia.com\/index.php\/product\/krishnamurti-respuestas-fundamentales\/\">148 Pag. 17,90\u20ac<\/a><\/h3>\t\t<\/div>\n\t\t\t\t<\/div>\n\t\t\t\t<div class=\"elementor-element elementor-element-85e9bb5 elementor-align-center elementor-widget elementor-widget-wc-add-to-cart\" data-id=\"85e9bb5\" data-element_type=\"widget\" data-widget_type=\"wc-add-to-cart.default\">\n\t\t\t\t<div class=\"elementor-widget-container\">\n\t\t\t\t\t<div class=\"elementor-button-wrapper\">\n\t\t\t<a rel=\"nofollow\" href=\"?add-to-cart=1944\" data-quantity=\"1\" data-product_id=\"1944\" class=\"product_type_simple add_to_cart_button ajax_add_to_cart elementor-button elementor-size-sm\" role=\"button\">\n\t\t\t\t\t\t<span class=\"elementor-button-content-wrapper\">\n\t\t\t\t\t\t<span class=\"elementor-button-icon elementor-align-icon-left\">\n\t\t\t\t<i aria-hidden=\"true\" class=\"fas fa-shopping-cart\"><\/i>\t\t\t<\/span>\n\t\t\t\t\t\t<span class=\"elementor-button-text\">A\u00f1adir al carro<\/span>\n\t\t<\/span>\n\t\t\t\t\t<\/a>\n\t\t<\/div>\n\t\t\t\t<\/div>\n\t\t\t\t<\/div>\n\t\t\t\t<div class=\"elementor-element elementor-element-bbef60f elementor-menu-cart--items-indicator-plain toggle-icon--cart-medium elementor-menu-cart--show-subtotal-yes elementor-menu-cart--cart-type-side-cart elementor-menu-cart--show-remove-button-yes elementor-widget elementor-widget-woocommerce-menu-cart\" data-id=\"bbef60f\" data-element_type=\"widget\" data-settings=\"{&quot;cart_type&quot;:&quot;side-cart&quot;,&quot;open_cart&quot;:&quot;click&quot;,&quot;automatically_open_cart&quot;:&quot;no&quot;}\" data-widget_type=\"woocommerce-menu-cart.default\">\n\t\t\t\t<div class=\"elementor-widget-container\">\n\t\t\t\t\t<div class=\"elementor-menu-cart__wrapper\">\n\t\t\t\t\t\t\t<div class=\"elementor-menu-cart__toggle_wrapper\">\n\t\t\t\t\t<div class=\"elementor-menu-cart__container elementor-lightbox\" aria-hidden=\"true\">\n\t\t\t\t\t\t<div class=\"elementor-menu-cart__main\" aria-hidden=\"true\">\n\t\t\t\t\t\t\t<div class=\"elementor-menu-cart__close-button\"><\/div>\n\t\t\t\t\t\t\t<div class=\"widget_shopping_cart_content\">\n\t\t\t\t\t\t\t\t\t<div class=\"woocommerce-mini-cart__empty-message\">No hay productos en el carrito.<\/div>\n\t\t\t\t\t\t\t<\/div>\n\t\t\t\t\t\t<\/div>\n\t\t\t\t\t<\/div>\n\t\t\t\t\t\t\t<div class=\"elementor-menu-cart__toggle elementor-button-wrapper\">\n\t\t\t<a id=\"elementor-menu-cart__toggle_button\" href=\"#\" class=\"elementor-menu-cart__toggle_button elementor-button elementor-size-sm\" aria-expanded=\"false\">\n\t\t\t\t<span class=\"elementor-button-text\"><span class=\"woocommerce-Price-amount amount\"><span class=\"woocommerce-Price-currencySymbol\">&euro;<\/span>0.00<\/span><\/span>\n\t\t\t\t<span class=\"elementor-button-icon\" data-counter=\"0\">\n\t\t\t\t\t<i class=\"eicon\"><\/i>\n\t\t\t\t\t<span class=\"elementor-screen-only\">Carrito<\/span>\n\t\t\t\t<\/span>\n\t\t\t<\/a>\n\t\t<\/div>\n\t\t\t\t\t\t<\/div>\n\t\t\t\t\t<\/div> <!-- close elementor-menu-cart__wrapper -->\n\t\t\t\t<\/div>\n\t\t\t\t<\/div>\n\t\t\t\t\t\t<\/div>\n\t\t\t\t\t<\/div>\n\t\t<\/div>\n\t\t\t\t<div class=\"elementor-column elementor-col-66 elementor-top-column elementor-element elementor-element-dbd25f7\" data-id=\"dbd25f7\" data-element_type=\"column\">\n\t\t\t<div class=\"elementor-column-wrap elementor-element-populated\">\n\t\t\t\t\t\t\t<div class=\"elementor-widget-wrap\">\n\t\t\t\t\t\t<div class=\"elementor-element elementor-element-ff6dc4f elementor-widget-divider--view-line elementor-widget elementor-widget-divider\" data-id=\"ff6dc4f\" data-element_type=\"widget\" data-widget_type=\"divider.default\">\n\t\t\t\t<div class=\"elementor-widget-container\">\n\t\t\t\t\t<div class=\"elementor-divider\">\n\t\t\t<span class=\"elementor-divider-separator\">\n\t\t\t\t\t\t<\/span>\n\t\t<\/div>\n\t\t\t\t<\/div>\n\t\t\t\t<\/div>\n\t\t\t\t<div class=\"elementor-element elementor-element-74b6cda elementor-widget elementor-widget-text-editor\" data-id=\"74b6cda\" data-element_type=\"widget\" data-widget_type=\"text-editor.default\">\n\t\t\t\t<div class=\"elementor-widget-container\">\n\t\t\t\t\t\t\t\t<div class=\"elementor-text-editor elementor-clearfix\">\n\t\t\t\t<h1 style=\"text-align: center;\"><strong>J.KRISHNAMURTI<\/strong><\/h1>\n<h2 style=\"text-align: center;\"><strong>RESPUESTAS FUNDAMENTALES DE LA A-Z<\/strong><\/h2>\n<h3><strong>Sobre el sentido de la vida, la realidad, la libertad, la felicidad, el amor, la belleza&#8230;<\/strong><\/h3>\n<p><em><strong>&nbsp; &nbsp; &nbsp; &nbsp; &nbsp; &nbsp; &nbsp; &nbsp; &nbsp; &nbsp; &nbsp; &nbsp; &nbsp; &nbsp; &nbsp; &nbsp; &nbsp; &nbsp; &nbsp; Textos recogidos y presentados por Patrick Mandala<\/strong><\/em><\/p>\n<p>&nbsp; &nbsp; &nbsp; &nbsp; &nbsp; &nbsp; &nbsp; &nbsp; Este es un libro de iluminaci\u00f3n, como todos los de Krishnamurti, en la presente recopilaci\u00f3n de respuestas y citas realizada por Patrick Mandala, se recogen los puntos esenciales de su ense\u00f1anza.<\/p>\n<p>&nbsp;&nbsp;&nbsp;&nbsp;&nbsp;&nbsp;&nbsp;&nbsp;&nbsp;&nbsp;&nbsp;&nbsp;&nbsp;&nbsp;&nbsp; En su brevedad y concisi\u00f3n hace que nos planteemos las cuestiones esenciales de la vida y que encontremos, en las palabras del sabio, la respuesta adecuada, quiz\u00e1s no de nuestro gusto, no de acuerdo a nuestra opini\u00f3n, lo que indicar\u00eda a\u00fan m\u00e1s que se trata de la respuesta adecuada, certera. Si somos capaces de enfrentarnos a ellas con una disposici\u00f3n y con una mente abierta nos daremos cuenta de que Krishnamurti siempre est\u00e1 se\u00f1alando la cuesti\u00f3n esencial, la cuesti\u00f3n desde donde surgen todos los problemas, todas las cuestiones: la falta de conocimiento propio.<\/p>\n<p>&nbsp;&nbsp;&nbsp;&nbsp;&nbsp;&nbsp;&nbsp;&nbsp;&nbsp;&nbsp;&nbsp;&nbsp;&nbsp;&nbsp;&nbsp; Esta ignorancia del ser humano le lleva a un sinf\u00edn de padecimientos, tanto a nivel personal como a nivel colectivo que continuar\u00e1n en el tiempo mientras no encaremos esta cuesti\u00f3n con seriedad cada uno de nosotros, mientras no enfrentemos \u201clo que es\u201d, \u201clos hechos\u201d y veamos con claridad, en ese enfrentar la realidad, todo nuestro trasfondo, nuestros miedos, nuestro condicionamiento profundo, es decir: que nos conozcamos a nosotros mismos. Ese es el camino, la v\u00eda que muestra magistralmente J. Krishnamurti.<\/p>\n<p>&nbsp; &nbsp; &nbsp; &nbsp; &nbsp; &nbsp; &nbsp; &nbsp; &nbsp; &nbsp; &nbsp; &nbsp; &nbsp; &nbsp; &nbsp; &nbsp; &nbsp; &nbsp; &nbsp; &nbsp; &nbsp; &nbsp; &nbsp; &nbsp; &nbsp; &nbsp; &nbsp; &nbsp; &nbsp; &nbsp; &nbsp; &nbsp; &nbsp; &nbsp; &nbsp; &nbsp; &nbsp; &nbsp; &nbsp; &nbsp; &nbsp; &nbsp; &nbsp; &nbsp; &nbsp; &nbsp; &nbsp; &nbsp; &nbsp; &nbsp; &nbsp; &nbsp; &nbsp; &nbsp; &nbsp; &nbsp; &nbsp; &nbsp; &nbsp; &nbsp; &nbsp; &nbsp; &nbsp; &nbsp; &nbsp; &nbsp; &nbsp; &nbsp; &nbsp; &nbsp; &nbsp; &nbsp; &nbsp; &nbsp; &nbsp;J. Luna<\/p>\n<p><\/p>\t\t\t\t\t<\/div>\n\t\t\t\t\t\t<\/div>\n\t\t\t\t<\/div>\n\t\t\t\t\t\t<\/div>\n\t\t\t\t\t<\/div>\n\t\t<\/div>\n\t\t\t\t\t\t\t\t<\/div>\n\t\t\t\t\t<\/div>\n\t\t<\/section>\n\t\t\t\t<section class=\"elementor-section elementor-top-section elementor-element elementor-element-501881a elementor-section-boxed elementor-section-height-default elementor-section-height-default\" data-id=\"501881a\" data-element_type=\"section\">\n\t\t\t\t\t\t<div class=\"elementor-container elementor-column-gap-default\">\n\t\t\t\t\t\t\t<div class=\"elementor-row\">\n\t\t\t\t\t<div class=\"elementor-column elementor-col-100 elementor-top-column elementor-element elementor-element-c2acaba\" data-id=\"c2acaba\" data-element_type=\"column\">\n\t\t\t<div class=\"elementor-column-wrap elementor-element-populated\">\n\t\t\t\t\t\t\t<div class=\"elementor-widget-wrap\">\n\t\t\t\t\t\t<div class=\"elementor-element elementor-element-de360a9 elementor-widget elementor-widget-heading\" data-id=\"de360a9\" data-element_type=\"widget\" data-widget_type=\"heading.default\">\n\t\t\t\t<div class=\"elementor-widget-container\">\n\t\t\t<h2 class=\"elementor-heading-title elementor-size-default\">FRAGMENTO DEL TEXTO<br>------------------------------------<\/h2>\t\t<\/div>\n\t\t\t\t<\/div>\n\t\t\t\t\t\t<\/div>\n\t\t\t\t\t<\/div>\n\t\t<\/div>\n\t\t\t\t\t\t\t\t<\/div>\n\t\t\t\t\t<\/div>\n\t\t<\/section>\n\t\t\t\t<section class=\"elementor-section elementor-top-section elementor-element elementor-element-07453b9 elementor-section-boxed elementor-section-height-default elementor-section-height-default\" data-id=\"07453b9\" data-element_type=\"section\">\n\t\t\t\t\t\t<div class=\"elementor-container elementor-column-gap-default\">\n\t\t\t\t\t\t\t<div class=\"elementor-row\">\n\t\t\t\t\t<div class=\"elementor-column elementor-col-100 elementor-top-column elementor-element elementor-element-2d2491c\" data-id=\"2d2491c\" data-element_type=\"column\">\n\t\t\t<div class=\"elementor-column-wrap elementor-element-populated\">\n\t\t\t\t\t\t\t<div class=\"elementor-widget-wrap\">\n\t\t\t\t\t\t<div class=\"elementor-element elementor-element-a10ec31 elementor-widget elementor-widget-text-editor\" data-id=\"a10ec31\" data-element_type=\"widget\" data-widget_type=\"text-editor.default\">\n\t\t\t\t<div class=\"elementor-widget-container\">\n\t\t\t\t\t\t\t\t<div class=\"elementor-text-editor elementor-clearfix\">\n\t\t\t\t<h3><strong>RESPUESTAS FUNDAMENTALES<\/strong><\/h3><p><strong> ***<\/strong><\/p><p><strong>A Acci\u00f3n<\/strong><\/p><h4><em>\u00a0\u00bfExiste una acci\u00f3n que sea correcta en todas las circunstancias?\u00a0<\/em><\/h4><p>*Qu\u00e9 hacer en un mundo verdaderamente espantoso y brutal, un mundo en el que hay tanta violencia, tanta corrupci\u00f3n, en el que el dinero, el dinero y m\u00e1s dinero, ha adquirido una importancia tan espantosa, un mundo en el que todo el mundo est\u00e1 dispuesto a sacrificar a los dem\u00e1s, (&#8230;) en el que todo hombre est\u00e1 sediento, luchando por afirmarse, por realizarse, por ser alguien. \u00bfQu\u00e9 se puede hacer? \u00bfQu\u00e9 debemos hacer?<\/p><p>\u00a0***<\/p><p>\u00a0Para encontrar la acci\u00f3n sin conflicto, es necesario que no exista \u00abalguien\u00bb que act\u00fae; y s\u00f3lo cuando ya no haya una meta a la vista, cuando ya no haya \u00abalguien\u00bb que act\u00fae, entonces, en esta lucidez pasiva, conoceremos el estado de la experiencia vivida en la acci\u00f3n, en la que no hay ni persona que experimenta ni experiencia. 2 De la respuesta correcta surgir\u00e1 la acci\u00f3n correcta. La acci\u00f3n correcta est\u00e1 incluida en la respuesta. Y somos responsables de ello.<\/p><p>\u00a0***<\/p><p>No es la mente la que puede dar una respuesta a esta pregunta, no m\u00e1s que el pensamiento. Es usted quien debe descubrirla.<\/p><p>Y ahora, que ha formulado esta pregunta de forma seria y reflexiva, \u00bfc\u00f3mo se propone averiguar la respuesta?<\/p><p>\u00a0***<\/p><p><strong>Acci\u00f3n e idea<\/strong><\/p><p><em>\u00bfPor qu\u00e9 la idea se ha vuelto omnipotente? \u00bfPara hacernos actuar? \u00bfLa idea nos ayuda a actuar o es un obst\u00e1culo para la acci\u00f3n?<\/em><\/p><p>\u00a0*La idea ciertamente limita la acci\u00f3n; es el miedo a la acci\u00f3n lo que genera la idea. En la idea hay seguridad, en la acci\u00f3n hay peligro. La idea se cultiva como medio de control sobre la acci\u00f3n, que no tiene l\u00edmites; para frenar la acci\u00f3n, entra en juego la idea. Piensa en lo que pasar\u00eda si fueras realmente generoso en la acci\u00f3n.<\/p><p>*** La idea es siempre una conclusi\u00f3n; un fin, una meta que es una proyecci\u00f3n del yo. La idea es el movimiento dentro de lo conocido; pero el pensamiento no puede formular lo que es ser no violento. Pensando en ello se puede meditar sobre la no violencia, pero no puede ser no violento. La no violencia no es una idea; no se puede convertir en una manera de actuar.<\/p><p>\u00a0***<\/p><p><strong>Alegr\u00eda <\/strong><\/p><p><em>No s\u00e9 si has intentado ser feliz&#8230;<\/em><\/p><p>* La dicha no es un producto del tiempo, la alegr\u00eda est\u00e1 siempre en el presente, un estado intemporal.<\/p><p>\u00a0*** La felicidad llega, no evaluando, sino cuando la mente no se preocupa de s\u00ed misma, cuando la mente est\u00e1 en silencio. Entonces surge la dicha; y un hombre as\u00ed, feliz, puede resolver los problemas que le rodean.<\/p><p>\u00a0*** Para encontrar lo intemporal, para encontrar lo que es eterno, el tiempo debe cesar, lo que significa que todo el proceso de pensamiento debe llegar a su fin.<\/p><p>\u00a0*** Para entender un problema, por muy complejo que parezca, ya sea un problema econ\u00f3mico, social o psicol\u00f3gico, hay que ser capaz de ver con claridad, sin distorsi\u00f3n.<\/p><p>***<\/p><p><strong>\u00a0Amor <\/strong><\/p><p><em>\u00bfTe has preguntado alguna vez qu\u00e9 es el amor?<\/em><\/p><p>* Ni el amor ni la belleza son producto del pensamiento y el placer. Una mente que busca el placer no sabe lo que es amar.<\/p><p>*** Sin amor no hay meditaci\u00f3n, no hay comprensi\u00f3n de la verdad.<\/p><p>* S\u00f3lo puedes conocer el amor con sus bendiciones, con su fragancia, con su gracia, cuando \u00abt\u00fa\u00bb dejas de ser, cuando \u00abt\u00fa\u00bb dejas de lograr, de convertirte en algo; y s\u00f3lo ese amor puede transformar el mundo.<\/p><p>*** Para llegar al amor debe haber libertad; cuando la mente est\u00e1 completamente quieta, viviendo en su propia libertad, entonces reina lo \u00abimposible\u00bb que es el amor.<\/p><p>\u00a0*** As\u00ed que nuestro problema es: \u00bfc\u00f3mo puede un coraz\u00f3n seco, un coraz\u00f3n vac\u00edo, conocer la verdad, conocer el amor? No puede.<\/p><p>\u00a0***<\/p>\t\t\t\t\t<\/div>\n\t\t\t\t\t\t<\/div>\n\t\t\t\t<\/div>\n\t\t\t\t\t\t<\/div>\n\t\t\t\t\t<\/div>\n\t\t<\/div>\n\t\t\t\t\t\t\t\t<\/div>\n\t\t\t\t\t<\/div>\n\t\t<\/section>\n\t\t\t\t\t\t<\/div>\n\t\t\t\t\t\t<\/div>\n\t\t\t\t\t<\/div>\n\t\t","protected":false},"excerpt":{"rendered":"<p><strong>J. KRISHNAMURTI<\/strong><\/p>\n<p><strong>Respuestas fundamentales de la A-Z<\/strong><\/p>\n<p>Este es un libro de iluminaci\u00f3n, como todos los de Krishnamurti, en la presente recopilaci\u00f3n de respuestas y citas realizada por Patrick Mandala, se recogen los puntos esenciales de su ense\u00f1anza.<\/p>\n<p>En su brevedad y concisi\u00f3n hace que nos planteemos las cuestiones esenciales de la vida y que encontremos, en las palabras del sabio, la respuesta adecuada, quiz\u00e1s no de nuestro gusto, no de acuerdo a nuestra opini\u00f3n, lo que indicar\u00eda a\u00fan m\u00e1s que se trata de la respuesta adecuada, certera. Si somos capaces de enfrentarnos a ellas con una disposici\u00f3n y con una mente abierta nos daremos cuenta de que Krishnamurti siempre est\u00e1 se\u00f1alando la cuesti\u00f3n esencial, la cuesti\u00f3n desde donde surgen todos los problemas, todas las cuestiones: la falta de conocimiento propio.<\/p>\n<p>Esta ignorancia del ser humano le lleva a un sinf\u00edn de padecimientos, tanto a nivel personal como a nivel colectivo que continuar\u00e1n en el tiempo mientras no encaremos esta cuesti\u00f3n con seriedad cada uno de nosotros, mientras no enfrentemos \u201clo que es\u201d, \u201clos hechos\u201d y veamos con claridad, en ese enfrentar la realidad, todo nuestro trasfondo, nuestros miedos, nuestro condicionamiento profundo, es decir: que nos conozcamos a nosotros mismos. Ese es el camino, la v\u00eda que muestra magistralmente J. Krishnamurti.<\/p>\n<p>J.Luna<\/p>\n","protected":false},"featured_media":1945,"template":"elementor_header_footer","meta":{"_mi_skip_tracking":false,"_monsterinsights_sitenote_active":false,"_monsterinsights_sitenote_note":"","_monsterinsights_sitenote_category":0},"_links":{"self":[{"href":"https:\/\/edicionesvia.com\/index.php\/wp-json\/wp\/v2\/product\/1944"}],"collection":[{"href":"https:\/\/edicionesvia.com\/index.php\/wp-json\/wp\/v2\/product"}],"about":[{"href":"https:\/\/edicionesvia.com\/index.php\/wp-json\/wp\/v2\/types\/product"}],"version-history":[{"count":16,"href":"https:\/\/edicionesvia.com\/index.php\/wp-json\/wp\/v2\/product\/1944\/revisions"}],"predecessor-version":[{"id":3430,"href":"https:\/\/edicionesvia.com\/index.php\/wp-json\/wp\/v2\/product\/1944\/revisions\/3430"}],"wp:featuredmedia":[{"embeddable":true,"href":"https:\/\/edicionesvia.com\/index.php\/wp-json\/wp\/v2\/media\/1945"}],"wp:attachment":[{"href":"https:\/\/edicionesvia.com\/index.php\/wp-json\/wp\/v2\/media?parent=1944"}],"curies":[{"name":"wp","href":"https:\/\/api.w.org\/{rel}","templated":true}]}}